ime factors of 4312.
2, 7, 11
What are the prime factors of 13356?
2, 3, 7, 53
List the prime factors of 254.
2, 127
What are the prime factors of 3818?
2, 23, 83
List the prime factors of 2865.
3, 5, 191
What are the prime factors of 22954?
2, 23, 499
What are the prime factors of 26941?
29, 929
List the prime factors of 72885.
3, 5, 43, 113
List the prime factors of 36733.
109, 337
List the prime factors of 2261.
7, 17, 19
What are the prime factors of 16719?
3, 5573
List the prime factors of 9754.
2, 4877
What are the prime factors of 21620?
2, 5, 23, 47
What are the prime factors of 22270?
2, 5, 17, 131
What are the prime factors of 1592?
2, 199
List the prime factors of 6497.
73, 89
What are the prime factors of 8811?
3, 11, 89
What are the prime factors of 585?
3, 5, 13
What are the prime factors of 74906?
2, 13, 43, 67
List the prime factors of 2718.
2, 3, 151
What are the prime factors of 38247?
3, 11, 19, 61
List the prime factors of 72062.
2, 137, 263
List the prime factors of 9337.
9337
What are the prime factors of 39475?
5, 1579
What are the prime factors of 8290?
2, 5, 829
List the prime factors of 1007.
19, 53
What are the prime factors of 60218?
2, 30109
List the prime factors of 718.
2, 359
List the prime factors of 6531.
3, 7, 311
What are the prime factors of 27857?
89, 313
List the prime factors of 13720.
2, 5, 7
What are the prime factors of 1006?
2, 503
List the prime factors of 41354.
2, 23, 29, 31
What are the prime factors of 173?
173
What are the prime factors of 212?
2, 53
List the prime factors of 22960.
2, 5, 7, 41
List the prime factors of 8220.
2, 3, 5, 137
List the prime factors of 13321.
7, 11, 173
List the prime factors of 20690.
2, 5, 2069
List the prime factors of 1639.
11, 149
List the prime factors of 38218.
2, 97, 197
What are the prime factors of 280?
2, 5, 7
What are the prime factors of 2080?
2, 5, 13
What are the prime factors of 1300?
2, 5, 13
What are the prime factors of 1172?
2, 293
What are the prime factors of 3896?
2, 487
What are the prime factors of 945?
3, 5, 7
What are the prime factors of 17624?
2, 2203
What are the prime factors of 33518?
2, 16759
What are the prime factors of 28978?
2, 14489
What are the prime factors of 149?
149
List the prime factors of 24108.
2, 3, 7, 41
What are the prime factors of 13901?
13901
List the prime factors of 578.
2, 17
What are the prime factors of 29394?
2, 3, 23, 71
What are the prime factors of 1479?
3, 17, 29
List the prime factors of 16757.
13, 1289
What are the prime factors of 16616?
2, 31, 67
List the prime factors of 1392.
2, 3, 29
List the prime factors of 25433.
29, 877
List the prime factors of 37262.
2, 31, 601
What are the prime factors of 3483?
3, 43
What are the prime factors of 26372?
2, 19, 347
What are the prime factors of 2004?
2, 3, 167
List the prime factors of 9976.
2, 29, 43
List the prime factors of 2949.
3, 983
What are the prime factors of 21974?
2, 10987
What are the prime factors of 3627?
3, 13, 31
List the prime factors of 13677.
3, 47, 97
What are the prime factors of 5660?
2, 5, 283
What are the prime factors of 17356?
2, 4339
List the prime factors of 3889.
3889
What are the prime factors of 6537?
3, 2179
What are the prime factors of 2629?
11, 239
List the prime factors of 92900.
2, 5, 929
List the prime factors of 1721.
1721
What are the prime factors of 296?
2, 37
List the prime factors of 4677.
3, 1559
What are the prime factors of 477?
3, 53
List the prime factors of 3983.
7, 569
What are the prime factors of 373?
373
List the prime factors of 51.
3, 17
List the prime factors of 16497.
3, 13, 47
What are the prime factors of 5477?
5477
List the prime factors of 409.
409
What are the prime factors of 227?
227
List the prime factors of 62.
2, 31
What are the prime factors of 38632?
2, 11, 439
What are the prime factors of 7959?
3, 7, 379
List the prime factors of 16133.
13, 17, 73
List the prime factors of 51494.
2, 25747
What are the prime factors of 5210?
2, 5, 521
List the prime factors of 138026.
2, 7, 9859
List the prime factors of 13987.
71, 197
List the prime factors of 45924.
2, 3, 43, 89
List the prime factors of 6994.
2, 13, 269
List the prime factors of 64982.
2, 32491
What are the prime factors of 909?
3, 101
What are the prime factors of 862?
2, 431
List the prime factors of 5479.
5479
List the prime factors of 3252.
2, 3, 271
What are the prime factors of 36568?
2, 7, 653
List the prime factors of 99463.
7, 13, 1093
List the prime factors of 1792.
2, 7
List the prime factors of 400.
2, 5
What are the prime factors of 1622?
2, 811
List the prime factors of 977.
977
List the prime factors of 123016.
2, 15377
What are the prime factors of 255?
3, 5, 17
List the prime factors of 244.
2, 61
What are the prime factors of 907?
907
What are the prime factors of 3374?
2, 7, 241
What are the prime factors of 1253?
7, 179
List the prime factors of 83295.
3, 5, 617
List the prime factors of 27183.
3, 13, 17, 41
List the prime factors of 10318.
2, 7, 11, 67
What are the prime factors of 9038?
2, 4519
What are the prime factors of 75?
3, 5
What are the prime factors of 8547?
3, 7, 11, 37
What are the prime factors of 37555?
5, 7, 29, 37
List the prime factors of 21339.
3, 2371
What are the prime factors of 16198?
2, 7, 13, 89
List the prime factors of 13273.
13, 1021
What are the prime factors of 3908?
2, 977
What are the prime factors of 29324?
2, 7331
List the prime factors of 10757.
31, 347
What are the prime factors of 42695?
5, 8539
List the prime factors of 3795.
3, 5, 11, 23
What are the prime factors of 1094?
2, 547
What are the prime factors of 45774?
2, 3, 2543
What are the prime factors of 313?
313
List the prime factors of 1863.
3, 23
List the prime factors of 8494.
2, 31, 137
List the prime factors of 2304.
2, 3
What are the prime factors of 4605?
3, 5, 307
List the prime factors of 48632.
2, 6079
What are the prime factors of 3554?
2, 1777
List the prime factors of 1947.
3, 11, 59
What are the prime factors of 3912?
2, 3, 163
List the prime factors of 5127.
3, 1709
List the prime factors of 1510.
2, 5, 151
List the prime factors of 86352.
2, 3, 7, 257
What are the prime factors of 2639?
7, 13, 29
List the prime factors of 2580.
2, 3, 5, 43
List the prime factors of 18641.
7, 2663
List the prime factors of 65439.
3, 11, 661
What are the prime factors of 6360?
2, 3, 5, 53
What are the prime factors of 297?
3, 11
List the prime factors of 2054.
2, 13, 79
What are the prime factors of 61635?
3, 5, 7, 587
What are the prime factors of 51194?
2, 11, 13, 179
List the prime factors of 1286.
2, 643
List the prime factors of 645.
3, 5, 43
List the prime factors of 4093.
4093
What are the prime factors of 503?
503
What are the prime factors of 38119?
38119
List the prime factors of 7551.
3, 839
What are the prime factors of 12290?
2, 5, 1229
List the prime factors of 779.
19, 41
List the prime factors of 1585.
5, 317
List the prime factors of 1087.
1087
List the prime factors of 10513.
10513
List the prime factors of 14286.
2, 3, 2381
List the prime factors of 570.
2, 3, 5, 19
List the prime factors of 1682.
2, 29
What are the prime factors of 41178?
2, 3, 6863
List the prime factors of 852.
2, 3, 71
What are the prime factors of 4830?
2, 3, 5, 7, 23
What are the prime factors of 3572?
2, 19, 47
List the prime factors of 10158.
2, 3, 1693
What are the prime factors of 65?
5, 13
What are the prime factors of 3209?
3209
What are the prime factors of 955?
5, 191
What are the prime factors of 10025?
5, 401
What are the prime factors of 10451?
7, 1493
List the prime factors of 133.
7, 19
List the prime factors of 4293.
3, 53
What are the prime factors of 169222?
2, 211, 401
List the prime factors of 2450.
2, 5, 7
What are the prime factors of 1974?
2, 3, 7, 47
List the prime factors of 7644.
2, 3, 7, 13
List the prime factors of 18946.
2, 9473
What are the prime factors of 1017?
3, 113
What are the prime factors of 18235?
5, 7, 521
What are the prime factors of 37875?
3, 5, 101
List the prime factors of 24.
2, 3
What are the prime factors of 14935?
5, 29, 103
What are the prime factors of 1406?
2, 19, 37
List the prime factors of 1581.
3, 17, 31
List the prime factors of 39431.
7, 43, 131
List the prime factors of 1